culate the greatest common factor of 596997 and 243.
27
What is the greatest common factor of 50 and 14570?
10
What is the greatest common divisor of 23 and 2420819?
23
What is the greatest common factor of 10076 and 5267?
229
Calculate the greatest common divisor of 26306 and 70.
14
What is the highest common divisor of 53808 and 19?
19
Calculate the greatest common factor of 15871 and 236.
59
Calculate the highest common divisor of 500 and 90700.
100
Calculate the highest common factor of 10370 and 765.
85
What is the greatest common factor of 121 and 1634039?
11
What is the highest common divisor of 2727 and 675?
27
What is the greatest common divisor of 67356 and 216?
36
Calculate the greatest common divisor of 116496 and 8.
8
Calculate the highest common divisor of 200 and 74300.
100
What is the greatest common factor of 1085 and 4262965?
1085
Calculate the highest common divisor of 8650 and 10250.
50
What is the highest common divisor of 657 and 1368239?
73
What is the highest common factor of 672 and 2400?
96
What is the highest common divisor of 58632 and 5?
1
What is the greatest common factor of 19244 and 51?
17
Calculate the highest common divisor of 750260 and 699.
233
What is the highest common divisor of 9232 and 16?
16
What is the highest common factor of 90 and 50202?
18
What is the highest common divisor of 1462410 and 990?
90
What is the greatest common factor of 1419 and 1056?
33
What is the greatest common factor of 128 and 2295616?
64
Calculate the highest common factor of 59426 and 430.
86
What is the highest common factor of 22032 and 2916?
324
Calculate the highest common divisor of 21586 and 8032.
502
What is the highest common factor of 238 and 62314?
14
What is the highest common factor of 246 and 16570560?
246
What is the highest common factor of 10976 and 7252?
196
What is the highest common divisor of 2685 and 1227761?
179
Calculate the greatest common divisor of 8 and 1609424.
8
What is the greatest common factor of 3468 and 852?
12
Calculate the highest common divisor of 480415 and 3112.
389
Calculate the highest common divisor of 4836 and 1326.
78
What is the highest common factor of 455 and 27545?
35
Calculate the greatest common factor of 71433 and 81.
9
Calculate the greatest common divisor of 18361 and 2408.
301
Calculate the highest common factor of 38 and 19589.
19
Calculate the greatest common factor of 4275 and 1350.
225
What is the greatest common divisor of 140 and 145540?
20
What is the greatest common factor of 204 and 2176?
68
What is the highest common divisor of 2690 and 356963?
269
Calculate the highest common factor of 500 and 3800.
100
What is the highest common divisor of 15 and 14065?
5
Calculate the greatest common factor of 21 and 630063.
21
Calculate the highest common factor of 4172 and 64708.
28
Calculate the highest common factor of 1175 and 11797.
47
Calculate the greatest common factor of 7416 and 6792.
24
What is the highest common divisor of 150 and 140050?
50
Calculate the greatest common divisor of 529 and 941620.
529
What is the highest common factor of 72114 and 85446?
606
Calculate the greatest common factor of 34290 and 195.
15
What is the greatest common divisor of 151952 and 32?
16
Calculate the greatest common divisor of 444 and 58932.
12
Calculate the highest common factor of 856 and 6596764.
428
What is the highest common divisor of 693515 and 1025?
205
What is the greatest common divisor of 28310 and 190?
190
What is the highest common divisor of 22932 and 3654?
126
Calculate the greatest common factor of 1242 and 14306.
46
What is the greatest common divisor of 5208 and 25668?
372
Calculate the greatest common divisor of 176 and 68592.
16
Calculate the highest common divisor of 2226 and 49518.
42
What is the highest common divisor of 9161911 and 2343?
781
What is the highest common divisor of 13199 and 2167?
197
Calculate the greatest common divisor of 45689 and 107.
107
Calculate the greatest common divisor of 3888 and 1795284.
972
Calculate the greatest common divisor of 656121 and 1542.
771
What is the greatest common divisor of 64 and 212128?
32
Calculate the greatest common divisor of 3160 and 200.
40
What is the highest common factor of 206577 and 189?
189
Calculate the greatest common divisor of 11361 and 70.
7
Calculate the highest common factor of 2303 and 1323.
49
What is the highest common divisor of 24386 and 548?
274
Calculate the greatest common factor of 35448 and 46209.
633
What is the greatest common divisor of 181 and 258287?
181
Calculate the highest common divisor of 15785 and 15.
5
What is the highest common divisor of 11975 and 15550?
25
What is the highest common factor of 158 and 170719?
79
Calculate the highest common divisor of 30414 and 72336.
822
What is the greatest common factor of 80727 and 6603?
213
Calculate the highest common divisor of 90 and 4245.
15
What is the greatest common factor of 5885260 and 580?
580
What is the greatest common factor of 35073 and 3240?
81
What is the highest common factor of 109158 and 339?
339
What is the greatest common divisor of 4015 and 50370?
365
What is the greatest common divisor of 3500 and 6300875?
875
What is the greatest common factor of 80 and 11295?
5
Calculate the highest common factor of 4350 and 14.
2
What is the greatest common divisor of 11568 and 960?
48
What is the highest common divisor of 629 and 2465?
17
Calculate the greatest common factor of 453204 and 1.
1
Calculate the highest common factor of 3263 and 403.
13
What is the greatest common factor of 11 and 22306?
1
Calculate the greatest common factor of 3090 and 125454.
618
Calculate the greatest common divisor of 2195650 and 50.
50
What is the highest common factor of 10 and 4209810?
10
What is the greatest common divisor of 45 and 347305?
5
What is the highest common divisor of 3885 and 368655?
105
What is the greatest common divisor of 16 and 94800?
16
What is the highest common factor of 202825 and 100?
25
Calculate the highest common divisor of 5250 and 6450.
150
What is the highest common factor of 21 and 1025402?
7
What is the highest common factor of 107502 and 46?
46
What is the highest common factor of 2937 and 12282?
267
Calculate the highest common factor of 666 and 3034.
74
What is the highest common factor of 1302 and 1902?
6
What is the greatest common divisor of 900 and 382950?
450
What is the highest common divisor of 92800 and 1044?
116
What is the highest common divisor of 12669 and 3813?
123
Calculate the greatest common factor of 3 and 3221.
1
Calculate the greatest common factor of 7630 and 26269.
109
Calculate the highest common factor of 62103 and 18419.
163
Calculate the greatest common divisor of 210805 and 5985.
665
Calculate the highest common factor of 5489 and 1309.
11
Calculate the greatest common factor of 64671 and 72.
3
What is the greatest common factor of 707289 and 957?
33
What is the highest common divisor of 1612 and 5330?
26
What is the greatest common divisor of 908994 and 24?
6
What is the greatest common factor of 6426 and 38178?
378
What is the greatest common factor of 18848 and 146528?
608
What is the greatest common factor of 38730 and 210?
30
Calculate the highest common factor of 12032 and 846.
94
Calculate the greatest common factor of 120 and 5356080.
120
What is the highest common divisor of 3234 and 403998?
42
What is the greatest common divisor of 181579 and 642?
107
What is the greatest common factor of 5 and 34795?
5
Calculate the highest common factor of 75642 and 294.
42
Calculate the highest common divisor of 12836604 and 1364.
1364
What is the greatest common factor of 4455 and 990?
495
What is the highest common factor of 325 and 158548?
13
Calculate the highest common divisor of 74072 and 28762.
394
Calculate the highest common factor of 1177 and 11663.
107
Calculate the greatest common divisor of 318275 and 725.
725
Calculate the greatest common divisor of 34200 and 975.
75
Calculate the greatest common factor of 668537 and 116.
29
Calculate the highest common divisor of 170 and 97670.
10
What is the greatest common divisor of 68950 and 581?
7
What is the highest common divisor of 171 and 164103?
57
Calculate the greatest common factor of 12815745 and 15.
15
Calcul